{"id":8,"date":"2023-10-03T11:05:49","date_gmt":"2023-10-03T11:05:49","guid":{"rendered":"https:\/\/tronderdata.no\/vinnesbarnehage\/?page_id=8"},"modified":"2024-08-22T08:05:36","modified_gmt":"2024-08-22T08:05:36","slug":"forsiden","status":"publish","type":"page","link":"https:\/\/vinnesbarnehage.no\/","title":{"rendered":"Forsiden"},"content":{"rendered":"<ul>\n<li>\n<p>        <img decoding=\"async\" src=\"\/wp-content\/uploads\/2023\/10\/front03.jpg\" alt=\"\"><\/p>\n<h3>front03<\/h3>\n<\/li>\n<li>\n<p>        <img decoding=\"async\" src=\"\/wp-content\/uploads\/2023\/10\/front01.jpg\" alt=\"\"><\/p>\n<h3>front01<\/h3>\n<\/li>\n<li>\n<p>        <img decoding=\"async\" src=\"\/wp-content\/uploads\/2023\/10\/front02.jpg\" alt=\"\"><\/p>\n<h3>front02<\/h3>\n<\/li>\n<\/ul>\n<p><img decoding=\"async\" src=\"\/wp-content\/uploads\/2023\/10\/apply.png\" alt=\"\"><\/p>\n<h1>\n<h3>S\u00f8k plass i Vinnes Barnehage<\/h3>\n<\/h1>\n<div>\n<p><span>Pris: Vi f\u00f8lger statens makspris for barnehager. Juli er betalingsfri.<\/span><\/p>\n<\/div>\n<p>\n    <a href=\"https:\/\/www.drammen.kommune.no\/tjenester\/barnehage\/soke-endre-eller-si-opp-plass\/\">Klikk her for \u00e5 s\u00f8ke barnehage plass<\/a>\n<\/p>\n<h2>\n<h3>Hvorfor s\u00f8ke plass i Vinnes barnehage i Solbergelva?<\/h3>\n<\/h2>\n<ul>\n<li>\n<div>\n<p>Vi er en foreldre eid barnehage, dvs. at alle inntekter g\u00e5r til driften av barnehagen og ingen som tar ut utbytte.<\/p>\n<\/div>\n<\/li>\n<li>\n<div>\n<p>Vi har et stabilt personale som er engasjerte i barnas hverdag. Hos oss er barna sentrum!<\/p>\n<\/div>\n<\/li>\n<li>\n<div>\n<p>Vi har fokus p\u00e5 trygghet og omsorg.<\/p>\n<\/div>\n<\/li>\n<li>\n<div>\n<p>Vi har et gr\u00f8nt og flott uteomr\u00e5de med frukt, b\u00e6r og masse gr\u00f8nt gress. En tumleplass med rom for fysisk aktivitet og lek, samt gode barndomsminner som \u00e5 springe barbeint i gr\u00f8nt gress.<\/p>\n<\/div>\n<\/li>\n<\/ul>\n<h1>\n<h1 class=\"title\">Om oss<\/h1>\n<\/h1>\n<p><img decoding=\"async\" src=\"\/wp-content\/uploads\/2023\/10\/omoss.jpg\" alt=\"\"><\/p>\n<div>\n<p><span>Vinnes barnehage SA er en privat foreldre eid barnehage som har v\u00e6rt i drift siden juli 1991.<\/span><\/p>\n<\/div>\n<div>\n<p><span>Barnehagen ligger p\u00e5 Vinnes i Solbergelva, Drammen kommune. Vi tilh\u00f8rer Solberg skolekrets.<\/span><\/p>\n<\/div>\n<div>\n<p><span>Vinnes barnehage SA er godkjent for barn i alderen 1- 6 \u00e5r (skolestart)<\/span><\/p>\n<\/div>\n<div>\n<p><span>Vi har 12 \u00e5rsverk hvorav 5 er utdannet f\u00f8rskolel\u00e6rere.<\/span><\/p>\n<\/div>\n<div>\n<p><span>Vi f\u00f8lger pedagog og bemanningsnormen. Dere kan sjekke p\u00e5<\/span><\/p>\n<\/div>\n<p>\n    <a href=\"https:\/\/barnehagefakta.no\">barnehagefakta.no<\/a>\n<\/p>\n<div>\n<p><span>Barnehagen drives av et styre best\u00e5ende av foreldre som velges p\u00e5 \u00e5rsm\u00f8te.<\/span><\/p>\n<\/div>\n<div>\n<p><span>Foreldrene har 2 representanter som sitter i SU (Samarbeidsutvalget).<\/span><\/p>\n<\/div>\n<div>\n<p><span>Barnehagen har et aktivt FAU som best\u00e5r av min 6 foreldre. De arrangerer juletrefest og sommeravslutning.<\/span><\/p>\n<\/div>\n<h1>Praktisk info<\/h1>\n<ul>\n<li>\n<h3>Taushetsplikt og opplysningsplikt<\/h3>\n<div>\n<p>I f\u00f8lge barnehagelovens \u00a7 20 har ansatte i barnehagen taushetsplikt. Vi har i f\u00f8lge barnehagelovens \u00a7 22 og \u00a7 23 opplysningsplikt til sosialtjenesten og barnevernstjenesten.<\/p>\n<p>Den som skal arbeide i barnehagen m\u00e5 fremlegg tilfredsstillende politiattest.<\/p>\n<\/div>\n<\/li>\n<li>\n<h3>Sykt barn<\/h3>\n<div>\n<p>Barnehagens vedtekter \u00a7 14:<\/p>\n<p>P\u00e5 grunn av smittefaren skal syke barn holdes hjemme fra barnehagen. Hvis barnet ikke kan v\u00e6re ute eller delta i aktiviteter p\u00e5 lik linje med de andre barna, b\u00f8r barnet holdes hjemme. I tvilstilfeller avgj\u00f8r styrer om barnet kan v\u00e6re i barnehagen eller ikke. Barn som har feber, har en smittsom sykdom eller kaster opp\/diar\u00e9 skal v\u00e6re hjemme.<\/p>\n<\/div>\n<\/li>\n<li>\n<h3>Mat og m\u00e5ltider<\/h3>\n<div>\n<p><strong>Frokost<\/strong><\/p>\n<p>Frokost fra 08.00-08.30. Barn som skal spise frokost m\u00e5 v\u00e6re i barnehagen senest 08.00. Barna m\u00e5 ha med matpakke til frokost. OBS 2 matpakker p\u00e5 tirsdager pga turdag.<\/p>\n<p><strong>Lunsj<\/strong><\/p>\n<p>Til lunsj serverer vi grovt br\u00f8d og ulike typer p\u00e5legg. Vi tilbyr ikke s\u00f8tt p\u00e5legg som syltet\u00f8y og sjokoladep\u00e5legg. Vi har ulike typer oster, kj\u00f8ttp\u00e5legg, fiskep\u00e5legg, egg og leverpostei. Til lunsj serverer vi ekstra lett melk og vann.<\/p>\n<p><strong>Mellomm\u00e5ltid<\/strong><\/p>\n<p>Til mellomm\u00e5ltid serverer vi \u00bd skive br\u00f8d og frukt \/ gr\u00f8nnsaker. Kun vann som drikke til dette m\u00e5ltidet.<\/p>\n<p><strong>Bursdager<\/strong><\/p>\n<p>Vi feirer barnas bursdag med flagg, krone og sang. Hva som skal evt spises ordner dere foreldre. Vi \u00f8nsker kun en enkel feiring og \u00f8nsker kun frukt, ispinner eller muffins. Vi tillater ikke brus, saft og kaker.<\/p>\n<\/div>\n<\/li>\n<li>\n<h3>Forsikring<\/h3>\n<div>\n<p><span>Barnehagen er medlem av Private Barnehagers Landsforbund og har forsikret sine barn og ansatte i deres forsikringsordning.<\/span><\/p>\n<\/div>\n<\/li>\n<li>\n<h3>MyKid<\/h3>\n<div>\n<p><span>Vi benytter MyKid som digitalt kommunikasjonsverkt\u00f8y.<\/span><\/p>\n<\/div>\n<\/li>\n<\/ul>\n<h1>Avdelingene<\/h1>\n<div>\n<p><span>I Vinnes Barnehage har vi 3 avdelinger:<\/span><\/p>\n<\/div>\n<ul>\n<li>\n<div>\n<p><span>Hakkebakke<\/span><\/p>\n<\/div>\n<\/li>\n<li>\n<div>\n<p><span>Kardemomme<\/span><\/p>\n<\/div>\n<\/li>\n<li>\n<div>\n<p><span>Tiriltoppen<\/span><\/p>\n<\/div>\n<\/li>\n<\/ul>\n<div>\n<p><span>Personalet best\u00e5r av 4 pedagogiske ledere og 1 barnehagel\u00e6rer med barnehagel\u00e6rerutdannelse , 4 fagarbeidere og 2 assistenter.<\/span><\/p>\n<\/div>\n<div>\n<p>Daglig leder er utdannet barnehagel\u00e6rer.<\/p>\n<p>Barnehagen er godkjent for 52 plasser fordelt p\u00e5 alder 1 &#8211; 6 \u00e5r.<\/p>\n<p>Vi f\u00f8lger normen for bemanning og pedagog.<\/p>\n<\/div>\n<h1>Kontakt Vinnes Barnehage<\/h1>\n<h3>Telefon<\/h3>\n<div>\n<p><strong>Barnehagen:<\/strong> 960 15 617<\/p>\n<p><strong>Hakkebakke:<\/strong> 94 79 05 03<\/p>\n<p><strong>Kardemomme:<\/strong> 94 78 98 82<\/p>\n<p><strong>Tiriltoppen:<\/strong> 94 79 02 28<\/p>\n<\/div>\n<h3>Daglig leder<\/h3>\n<div>\n<p><strong>Mobil daglig leder<\/strong><span>: 960 15 617<\/span><br \/><strong>E-postadresse<\/strong><span>:\u00a0<\/span><span id=\"cloak23790\"><a href=\"mailto:dl@vinnesbarnehage.no\">dl@vinnesbarnehage.no<\/a><\/span><\/p>\n<\/div>\n<div>\n<p><em>Dere kan sp\u00f8rre etter barnehagens Daglig Leder: Lene Kristin Lindgren.<\/em><\/p>\n<\/div>\n<hr>\n<h3>\u00c5pningstider<\/h3>\n<div>Mandag-fredag: 07:00-16:45<\/div>\n<hr>\n<h3>Post- og bes\u00f8ksadresse<\/h3>\n<div>Vinnes Barnehage BA<br \/>\nOrganisasjonsnr 957 640 672<br \/>\nLillevinnes 14<br \/>\n3057 Solbergelva<\/div>\n<div>\n<p><em>Kommer du p\u00e5 bes\u00f8k? Bare fyll inn hvor du kj\u00f8rer fra, s\u00e5 f\u00e5r du kj\u00f8reruten.<\/em><\/p>\n<\/div>\n<div>\n<p>59.7600526,10.078309<\/p>\n<\/div>\n<p><!--more--><br \/>\n<!-- {\"type\":\"layout\",\"children\":[{\"type\":\"section\",\"props\":{\"image_position\":\"center-center\",\"style\":\"default\",\"title_breakpoint\":\"xl\",\"title_position\":\"top-left\",\"title_rotation\":\"left\",\"vertical_align\":\"middle\",\"width\":\"default\"},\"children\":[{\"type\":\"row\",\"children\":[{\"type\":\"column\",\"props\":{\"image_position\":\"center-center\",\"position_sticky_breakpoint\":\"m\"},\"children\":[{\"type\":\"slideshow\",\"props\":{\"link_style\":\"default\",\"link_text\":\"Read more\",\"margin\":\"default\",\"meta_align\":\"below-title\",\"meta_element\":\"div\",\"meta_style\":\"text-meta\",\"nav\":\"dotnav\",\"nav_align\":\"center\",\"nav_breakpoint\":\"s\",\"nav_position\":\"bottom-center\",\"nav_position_margin\":\"medium\",\"overlay_animation\":\"parallax\",\"overlay_position\":\"center-left\",\"show_content\":true,\"show_link\":true,\"show_meta\":true,\"show_thumbnail\":true,\"show_title\":false,\"slidenav\":\"default\",\"slidenav_breakpoint\":\"s\",\"slidenav_margin\":\"medium\",\"slidenav_outside_breakpoint\":\"xl\",\"slideshow_autoplay\":true,\"slideshow_autoplay_pause\":true,\"slideshow_min_height\":300,\"thumbnav_height\":\"75\",\"thumbnav_svg_color\":\"emphasis\",\"thumbnav_width\":\"100\",\"title_element\":\"h3\"},\"children\":[{\"type\":\"slideshow_item\",\"props\":{\"image\":\"wp-content\\\/uploads\\\/2023\\\/10\\\/front03.jpg\",\"title\":\"front03\"}},{\"type\":\"slideshow_item\",\"props\":{\"image\":\"wp-content\\\/uploads\\\/2023\\\/10\\\/front01.jpg\",\"title\":\"front01\"}},{\"type\":\"slideshow_item\",\"props\":{\"image\":\"wp-content\\\/uploads\\\/2023\\\/10\\\/front02.jpg\",\"title\":\"front02\"}}]}]}]}],\"name\":\"Slideshow\"},{\"type\":\"section\",\"props\":{\"id\":\"plass\",\"image_position\":\"center-center\",\"style\":\"muted\",\"title_breakpoint\":\"xl\",\"title_position\":\"top-left\",\"title_rotation\":\"left\",\"vertical_align\":\"middle\",\"width\":\"default\"},\"children\":[{\"type\":\"row\",\"props\":{\"layout\":\"1-6,5-6|1-5,4-5\"},\"children\":[{\"type\":\"column\",\"props\":{\"image_position\":\"center-center\",\"position_sticky_breakpoint\":\"m\",\"vertical_align\":\"middle\",\"width_medium\":\"1-6\",\"width_small\":\"1-5\"},\"children\":[{\"type\":\"image\",\"props\":{\"image\":\"wp-content\\\/uploads\\\/2023\\\/10\\\/apply.png\",\"image_svg_color\":\"emphasis\",\"margin\":\"default\"}}]},{\"type\":\"column\",\"props\":{\"image_position\":\"center-center\",\"position_sticky_breakpoint\":\"m\",\"width_medium\":\"5-6\",\"width_small\":\"4-5\"},\"children\":[{\"type\":\"headline\",\"props\":{\"content\":\"\n\n<h3>S\\u00f8k plass i Vinnes Barnehage<\\\/h3>\",\"title_element\":\"h1\"}},{\"type\":\"text\",\"props\":{\"column_breakpoint\":\"m\",\"content\":\"\n\n<p><span>Pris: Vi f\\u00f8lger statens makspris for barnehager. Juli er betalingsfri.<\\\/span><\\\/p>\",\"margin\":\"default\"}},{\"type\":\"button\",\"props\":{\"grid_column_gap\":\"small\",\"grid_row_gap\":\"small\",\"margin\":\"default\"},\"children\":[{\"type\":\"button_item\",\"props\":{\"button_style\":\"primary\",\"content\":\"Klikk her for \\u00e5 s\\u00f8ke barnehage plass\",\"icon\":\"pencil\",\"icon_align\":\"left\",\"link\":\"https:\\\/\\\/www.drammen.kommune.no\\\/tjenester\\\/barnehage\\\/soke-endre-eller-si-opp-plass\\\/\"}}]}]}]},{\"type\":\"row\",\"children\":[{\"type\":\"column\",\"props\":{\"image_position\":\"center-center\",\"position_sticky_breakpoint\":\"m\"},\"children\":[{\"type\":\"headline\",\"props\":{\"content\":\"\n\n<h3>Hvorfor s\\u00f8ke plass i Vinnes barnehage i Solbergelva?<\\\/h3>\",\"title_element\":\"h2\"}},{\"type\":\"list\",\"props\":{\"column_breakpoint\":\"m\",\"image_align\":\"left\",\"image_svg_color\":\"emphasis\",\"image_vertical_align\":true,\"list_element\":\"ul\",\"list_horizontal_separator\":\", \",\"list_marker\":\"disc\",\"list_type\":\"vertical\",\"show_image\":true,\"show_link\":true},\"children\":[{\"type\":\"list_item\",\"props\":{\"content\":\"\n\n<p>Vi er en foreldre eid barnehage, dvs. at alle inntekter g\\u00e5r til driften av barnehagen og ingen som tar ut utbytte.<\\\/p>\"}},{\"type\":\"list_item\",\"props\":{\"content\":\"\n\n<p>Vi har et stabilt personale som er engasjerte i barnas hverdag. Hos oss er barna sentrum!<\\\/p>\"}},{\"type\":\"list_item\",\"props\":{\"content\":\"\n\n<p>Vi har fokus p\\u00e5 trygghet og omsorg.<\\\/p>\"}},{\"type\":\"list_item\",\"props\":{\"content\":\"\n\n<p>Vi har et gr\\u00f8nt og flott uteomr\\u00e5de med frukt, b\\u00e6r og masse gr\\u00f8nt gress. En tumleplass med rom for fysisk aktivitet og lek, samt gode barndomsminner som \\u00e5 springe barbeint i gr\\u00f8nt gress.<\\\/p>\"}}]}]}]}],\"name\":\"S\\u00f8k plass\"},{\"type\":\"section\",\"props\":{\"id\":\"omoss\",\"image_position\":\"center-center\",\"style\":\"default\",\"title_breakpoint\":\"xl\",\"title_position\":\"top-left\",\"title_rotation\":\"left\",\"vertical_align\":\"middle\",\"width\":\"default\"},\"children\":[{\"type\":\"row\",\"children\":[{\"type\":\"column\",\"props\":{\"image_position\":\"center-center\",\"position_sticky_breakpoint\":\"m\"},\"children\":[{\"type\":\"headline\",\"props\":{\"content\":\"\n\n<h1 class=\\\"title\\\">Om oss<\\\/h1>\",\"title_element\":\"h1\"}}]}]},{\"type\":\"row\",\"props\":{\"layout\":\"1-4,3-4\"},\"children\":[{\"type\":\"column\",\"props\":{\"image_position\":\"center-center\",\"position_sticky_breakpoint\":\"m\",\"width_medium\":\"1-4\"},\"children\":[{\"type\":\"image\",\"props\":{\"image\":\"wp-content\\\/uploads\\\/2023\\\/10\\\/omoss.jpg\",\"image_svg_color\":\"emphasis\",\"margin\":\"default\",\"text_align\":\"left\"}}]},{\"type\":\"column\",\"props\":{\"image_position\":\"center-center\",\"position_sticky_breakpoint\":\"m\",\"width_medium\":\"3-4\"},\"children\":[{\"type\":\"text\",\"props\":{\"column_breakpoint\":\"m\",\"content\":\"\n\n<p><span>Vinnes barnehage SA er en privat foreldre eid barnehage som har v\\u00e6rt i drift siden juli 1991.<\\\/span><\\\/p>\",\"margin\":\"default\"}},{\"type\":\"text\",\"props\":{\"column_breakpoint\":\"m\",\"content\":\"\n\n<p><span>Barnehagen ligger p\\u00e5 Vinnes i Solbergelva, Drammen kommune. Vi tilh\\u00f8rer Solberg skolekrets.<\\\/span><\\\/p>\",\"margin\":\"default\"}},{\"type\":\"text\",\"props\":{\"column_breakpoint\":\"m\",\"content\":\"\n\n<p><span>Vinnes barnehage SA er godkjent for barn i alderen 1- 6 \\u00e5r (skolestart)<\\\/span><\\\/p>\",\"margin\":\"default\"}},{\"type\":\"text\",\"props\":{\"column_breakpoint\":\"m\",\"content\":\"\n\n<p><span>Vi har 12 \\u00e5rsverk hvorav 5 er utdannet f\\u00f8rskolel\\u00e6rere.<\\\/span><\\\/p>\",\"margin\":\"default\"}}]}]},{\"type\":\"row\",\"props\":{\"layout\":\"1-2,1-2\"},\"children\":[{\"type\":\"column\",\"props\":{\"image_position\":\"center-center\",\"position_sticky_breakpoint\":\"m\",\"width_medium\":\"1-2\"},\"children\":[{\"type\":\"text\",\"props\":{\"column_breakpoint\":\"m\",\"content\":\"\n\n<p><span>Vi f\\u00f8lger pedagog og bemanningsnormen. Dere kan sjekke p\\u00e5<\\\/span><\\\/p>\",\"margin\":\"default\"}}]},{\"type\":\"column\",\"props\":{\"image_position\":\"center-center\",\"position_sticky_breakpoint\":\"m\",\"width_medium\":\"1-2\"},\"children\":[{\"type\":\"button\",\"props\":{\"grid_column_gap\":\"small\",\"grid_row_gap\":\"small\",\"margin\":\"default\"},\"children\":[{\"type\":\"button_item\",\"props\":{\"button_style\":\"default\",\"content\":\"barnehagefakta.no\",\"icon_align\":\"left\",\"link\":\"https:\\\/\\\/barnehagefakta.no\"}}]}]}]},{\"type\":\"row\",\"children\":[{\"type\":\"column\",\"props\":{\"image_position\":\"center-center\",\"position_sticky_breakpoint\":\"m\"},\"children\":[{\"type\":\"text\",\"props\":{\"column_breakpoint\":\"m\",\"content\":\"\n\n<p><span>Barnehagen drives av et styre best\\u00e5ende av foreldre som velges p\\u00e5 \\u00e5rsm\\u00f8te.<\\\/span><\\\/p>\",\"margin\":\"default\"}},{\"type\":\"text\",\"props\":{\"column_breakpoint\":\"m\",\"content\":\"\n\n<p><span>Foreldrene har 2 representanter som sitter i SU (Samarbeidsutvalget).<\\\/span><\\\/p>\",\"margin\":\"default\"}},{\"type\":\"text\",\"props\":{\"column_breakpoint\":\"m\",\"content\":\"\n\n<p><span>Barnehagen har et aktivt FAU som best\\u00e5r av min 6 foreldre. De arrangerer juletrefest og sommeravslutning.<\\\/span><\\\/p>\",\"margin\":\"default\"}}]}]}],\"name\":\"Om Oss\"},{\"type\":\"section\",\"props\":{\"image_position\":\"center-center\",\"style\":\"muted\",\"title_breakpoint\":\"xl\",\"title_position\":\"top-left\",\"title_rotation\":\"left\",\"vertical_align\":\"middle\",\"width\":\"default\"},\"children\":[{\"type\":\"row\",\"props\":{\"divider\":true,\"layout\":\"1-2,1-2\"},\"children\":[{\"type\":\"column\",\"props\":{\"image_position\":\"center-center\",\"position_sticky_breakpoint\":\"m\",\"width_medium\":\"1-2\"},\"children\":[{\"type\":\"headline\",\"props\":{\"content\":\"Praktisk info\",\"title_element\":\"h1\"}},{\"type\":\"accordion\",\"props\":{\"collapsible\":true,\"content_column_breakpoint\":\"m\",\"image_align\":\"top\",\"image_grid_breakpoint\":\"m\",\"image_grid_width\":\"1-2\",\"image_svg_color\":\"emphasis\",\"link_style\":\"default\",\"link_text\":\"Read more\",\"show_image\":true,\"show_link\":true},\"children\":[{\"type\":\"accordion_item\",\"props\":{\"content\":\"\n\n<p>I f\\u00f8lge barnehagelovens \\u00a7 20 har ansatte i barnehagen taushetsplikt. Vi har i f\\u00f8lge barnehagelovens \\u00a7 22 og \\u00a7 23 opplysningsplikt til sosialtjenesten og barnevernstjenesten.<\\\/p>\\n\n\n<p>Den som skal arbeide i barnehagen m\\u00e5 fremlegg tilfredsstillende politiattest.<\\\/p>\",\"title\":\"Taushetsplikt og opplysningsplikt\"}},{\"type\":\"accordion_item\",\"props\":{\"content\":\"\n\n<p>Barnehagens vedtekter \\u00a7 14:<\\\/p>\\n\n\n<p>P\\u00e5 grunn av smittefaren skal syke barn holdes hjemme fra barnehagen. Hvis barnet ikke kan v\\u00e6re ute eller delta i aktiviteter p\\u00e5 lik linje med de andre barna, b\\u00f8r barnet holdes hjemme. I tvilstilfeller avgj\\u00f8r styrer om barnet kan v\\u00e6re i barnehagen eller ikke. Barn som har feber, har en smittsom sykdom eller kaster opp\\\/diar\\u00e9 skal v\\u00e6re hjemme.<\\\/p>\",\"title\":\"Sykt barn\"}},{\"type\":\"accordion_item\",\"props\":{\"content\":\"\n\n<p><strong>Frokost<\\\/strong><\\\/p>\\n\n\n<p>Frokost fra 08.00-08.30. Barn som skal spise frokost m\\u00e5 v\\u00e6re i barnehagen senest 08.00. Barna m\\u00e5 ha med matpakke til frokost. OBS 2 matpakker p\\u00e5 tirsdager pga turdag.<\\\/p>\\n\n\n<p><strong>Lunsj<\\\/strong><\\\/p>\\n\n\n<p>Til lunsj serverer vi grovt br\\u00f8d og ulike typer p\\u00e5legg. Vi tilbyr ikke s\\u00f8tt p\\u00e5legg som syltet\\u00f8y og sjokoladep\\u00e5legg. Vi har ulike typer oster, kj\\u00f8ttp\\u00e5legg, fiskep\\u00e5legg, egg og leverpostei. Til lunsj serverer vi ekstra lett melk og vann.<\\\/p>\\n\n\n<p><strong>Mellomm\\u00e5ltid<\\\/strong><\\\/p>\\n\n\n<p>Til mellomm\\u00e5ltid serverer vi \\u00bd skive br\\u00f8d og frukt \\\/ gr\\u00f8nnsaker. Kun vann som drikke til dette m\\u00e5ltidet.<\\\/p>\\n\n\n<p><strong>Bursdager<\\\/strong><\\\/p>\\n\n\n<p>Vi feirer barnas bursdag med flagg, krone og sang. Hva som skal evt spises ordner dere foreldre. Vi \\u00f8nsker kun en enkel feiring og \\u00f8nsker kun frukt, ispinner eller muffins. Vi tillater ikke brus, saft og kaker.<\\\/p>\",\"title\":\"Mat og m\\u00e5ltider\"}},{\"type\":\"accordion_item\",\"props\":{\"content\":\"\n\n<p><span>Barnehagen er medlem av Private Barnehagers Landsforbund og har forsikret sine barn og ansatte i deres forsikringsordning.<\\\/span><\\\/p>\",\"title\":\"Forsikring\"}},{\"type\":\"accordion_item\",\"props\":{\"content\":\"\n\n<p><span>Vi benytter MyKid som digitalt kommunikasjonsverkt\\u00f8y.<\\\/span><\\\/p>\",\"title\":\"MyKid\"}}]}]},{\"type\":\"column\",\"props\":{\"image_position\":\"center-center\",\"position_sticky_breakpoint\":\"m\",\"width_medium\":\"1-2\"},\"children\":[{\"type\":\"headline\",\"props\":{\"content\":\"Avdelingene\",\"title_element\":\"h1\"}},{\"type\":\"text\",\"props\":{\"column_breakpoint\":\"m\",\"content\":\"\n\n<p><span>I Vinnes Barnehage har vi 3 avdelinger:<\\\/span><\\\/p>\",\"margin\":\"default\"}},{\"type\":\"list\",\"props\":{\"column_breakpoint\":\"m\",\"image_align\":\"left\",\"image_svg_color\":\"emphasis\",\"image_vertical_align\":true,\"list_element\":\"ul\",\"list_horizontal_separator\":\", \",\"list_marker\":\"disc\",\"list_type\":\"vertical\",\"show_image\":true,\"show_link\":true},\"children\":[{\"type\":\"list_item\",\"props\":{\"content\":\"\n\n<p><span>Hakkebakke<\\\/span><\\\/p>\"}},{\"type\":\"list_item\",\"props\":{\"content\":\"\n\n<p><span>Kardemomme<\\\/span><\\\/p>\"}},{\"type\":\"list_item\",\"props\":{\"content\":\"\n\n<p><span>Tiriltoppen<\\\/span><\\\/p>\"}}]},{\"type\":\"text\",\"props\":{\"column_breakpoint\":\"m\",\"content\":\"\n\n<p><span>Personalet best\\u00e5r av 4 pedagogiske ledere og 1 barnehagel\\u00e6rer med barnehagel\\u00e6rerutdannelse , 4 fagarbeidere og 2 assistenter.<\\\/span><\\\/p>\",\"margin\":\"default\"}},{\"type\":\"text\",\"props\":{\"column_breakpoint\":\"m\",\"content\":\"\n\n<p>Daglig leder er utdannet barnehagel\\u00e6rer.<\\\/p>\\n\n\n<p>Barnehagen er godkjent for 52 plasser fordelt p\\u00e5 alder 1 - 6 \\u00e5r.<\\\/p>\\n\n\n<p>Vi f\\u00f8lger normen for bemanning og pedagog.<\\\/p>\",\"margin\":\"default\"}}]}]}],\"name\":\"Praktisk info\"},{\"type\":\"section\",\"props\":{\"id\":\"kontakt\",\"image_position\":\"center-center\",\"style\":\"default\",\"title_breakpoint\":\"xl\",\"title_position\":\"top-left\",\"title_rotation\":\"left\",\"vertical_align\":\"middle\",\"width\":\"default\"},\"children\":[{\"type\":\"row\",\"children\":[{\"type\":\"column\",\"props\":{\"image_position\":\"center-center\",\"position_sticky_breakpoint\":\"m\"},\"children\":[{\"type\":\"headline\",\"props\":{\"content\":\"Kontakt Vinnes Barnehage\",\"title_element\":\"h1\"}}]}]},{\"type\":\"row\",\"props\":{\"divider\":true,\"layout\":\"1-2,1-2\"},\"children\":[{\"type\":\"column\",\"props\":{\"image_position\":\"center-center\",\"position_sticky_breakpoint\":\"m\",\"width_medium\":\"1-2\"},\"children\":[{\"type\":\"headline\",\"props\":{\"content\":\"Telefon\",\"title_element\":\"h3\"}},{\"type\":\"text\",\"props\":{\"column_breakpoint\":\"m\",\"content\":\"\n\n<p><strong>Barnehagen:<\\\/strong> 960 15 617<\\\/p>\\n\n\n<p><strong>Hakkebakke:<\\\/strong> 94 79 05 03<\\\/p>\\n\n\n<p><strong>Kardemomme:<\\\/strong> 94 78 98 82<\\\/p>\\n\n\n<p><strong>Tiriltoppen:<\\\/strong> 94 79 02 28<\\\/p>\",\"margin\":\"default\"}}]},{\"type\":\"column\",\"props\":{\"image_position\":\"center-center\",\"position_sticky_breakpoint\":\"m\",\"width_medium\":\"1-2\"},\"children\":[{\"type\":\"headline\",\"props\":{\"content\":\"Daglig leder\",\"title_element\":\"h3\"}},{\"type\":\"text\",\"props\":{\"column_breakpoint\":\"m\",\"content\":\"\n\n<p><strong>Mobil daglig leder<\\\/strong><span>: 960 15 617<\\\/span><br \\\/><strong>E-postadresse<\\\/strong><span>:\\u00a0<\\\/span><span id=\\\"cloak23790\\\"><a href=\\\"mailto:dl@vinnesbarnehage.no\\\">dl@vinnesbarnehage.no<\\\/a><\\\/span><\\\/p>\",\"margin\":\"default\"}},{\"type\":\"text\",\"props\":{\"column_breakpoint\":\"m\",\"content\":\"\n\n<p><em>Dere kan sp\\u00f8rre etter barnehagens Daglig Leder: Lene Kristin Lindgren.<\\\/em><\\\/p>\",\"margin\":\"default\"}}]}]},{\"type\":\"row\",\"children\":[{\"type\":\"column\",\"props\":{\"image_position\":\"center-center\",\"position_sticky_breakpoint\":\"m\"},\"children\":[{\"type\":\"divider\",\"props\":{\"divider_element\":\"hr\"}},{\"type\":\"headline\",\"props\":{\"content\":\"\\u00c5pningstider\",\"text_align\":\"center\",\"title_element\":\"h3\"}},{\"type\":\"text\",\"props\":{\"column_breakpoint\":\"m\",\"content\":\"Mandag-fredag: 07:00-16:45\",\"margin\":\"default\",\"text_align\":\"center\"}},{\"type\":\"divider\",\"props\":{\"divider_element\":\"hr\"}}]}]},{\"type\":\"row\",\"props\":{\"divider\":true,\"layout\":\"1-2,1-2\"},\"children\":[{\"type\":\"column\",\"props\":{\"image_position\":\"center-center\",\"position_sticky_breakpoint\":\"m\",\"width_medium\":\"1-2\"},\"children\":[{\"type\":\"headline\",\"props\":{\"content\":\"Post- og bes\\u00f8ksadresse\",\"title_element\":\"h3\"}},{\"type\":\"text\",\"props\":{\"column_breakpoint\":\"m\",\"content\":\"Vinnes Barnehage BA\\nOrganisasjonsnr 957 640 672\\nLillevinnes 14\\n3057 Solbergelva\",\"margin\":\"default\"}},{\"type\":\"text\",\"props\":{\"column_breakpoint\":\"m\",\"content\":\"\n\n<p><em>Kommer du p\\u00e5 bes\\u00f8k? Bare fyll inn hvor du kj\\u00f8rer fra, s\\u00e5 f\\u00e5r du kj\\u00f8reruten.<\\\/em><\\\/p>\",\"margin\":\"default\"}}]},{\"type\":\"column\",\"props\":{\"image_position\":\"center-center\",\"position_sticky_breakpoint\":\"m\",\"width_medium\":\"1-2\"},\"children\":[{\"type\":\"map\",\"props\":{\"controls\":true,\"dragging\":false,\"image_svg_color\":\"emphasis\",\"link_style\":\"default\",\"link_text\":\"Read more\",\"margin\":\"default\",\"max_zoom\":18,\"meta_align\":\"below-title\",\"meta_element\":\"div\",\"meta_style\":\"text-meta\",\"min_zoom\":0,\"poi\":false,\"show_content\":true,\"show_image\":true,\"show_link\":true,\"show_meta\":true,\"show_title\":true,\"title_element\":\"h3\",\"title_hover_style\":\"reset\",\"type\":\"roadmap\",\"zoom\":10,\"zooming\":false},\"children\":[{\"type\":\"map_item\",\"props\":{\"location\":\"59.7600526,10.078309\"}}]}]}]}],\"name\":\"Kontakt\"}],\"version\":\"4.0.13\"} --><\/p>\n","protected":false},"excerpt":{"rendered":"<p>front03 front01 front02 S\u00f8k plass i Vinnes Barnehage Pris: Vi f\u00f8lger statens makspris for barnehager. Juli er betalingsfri. Klikk her for \u00e5 s\u00f8ke barnehage plass Hvorfor s\u00f8ke plass i Vinnes barnehage i Solbergelva? Vi er en foreldre eid barnehage, dvs. at alle inntekter g\u00e5r til driften av barnehagen og ingen som tar ut utbytte. Vi [&hellip;]<\/p>\n","protected":false},"author":1,"featured_media":0,"parent":0,"menu_order":0,"comment_status":"closed","ping_status":"closed","template":"","meta":{"footnotes":""},"class_list":["post-8","page","type-page","status-publish","hentry"],"_links":{"self":[{"href":"https:\/\/vinnesbarnehage.no\/index.php\/wp-json\/wp\/v2\/pages\/8","targetHints":{"allow":["GET"]}}],"collection":[{"href":"https:\/\/vinnesbarnehage.no\/index.php\/wp-json\/wp\/v2\/pages"}],"about":[{"href":"https:\/\/vinnesbarnehage.no\/index.php\/wp-json\/wp\/v2\/types\/page"}],"author":[{"embeddable":true,"href":"https:\/\/vinnesbarnehage.no\/index.php\/wp-json\/wp\/v2\/users\/1"}],"replies":[{"embeddable":true,"href":"https:\/\/vinnesbarnehage.no\/index.php\/wp-json\/wp\/v2\/comments?post=8"}],"version-history":[{"count":95,"href":"https:\/\/vinnesbarnehage.no\/index.php\/wp-json\/wp\/v2\/pages\/8\/revisions"}],"predecessor-version":[{"id":487,"href":"https:\/\/vinnesbarnehage.no\/index.php\/wp-json\/wp\/v2\/pages\/8\/revisions\/487"}],"wp:attachment":[{"href":"https:\/\/vinnesbarnehage.no\/index.php\/wp-json\/wp\/v2\/media?parent=8"}],"curies":[{"name":"wp","href":"https:\/\/api.w.org\/{rel}","templated":true}]}}